and k?
3
Let t(w) = w**2 + 5*w - 13. Let n be t(-6). Let o(v) = v**3 + 8*v**2 + 2*v + 1. Let x be o(n). What is the greatest common divisor of 12 and x?
12
Suppose -3*y - y - 16 = 0. Let k be 1/(-2 - 10/y). Suppose b = -2*b + 15. Calculate the highest common factor of k and b.
1
Suppose 3*p - 10 = 2. Suppose i + 0*i - 20 = 0. What is the greatest common divisor of i and p?
4
Let k = 65 - 23. Suppose 5*m - 4*l = -9*l + 70, -5*l + k = 3*m. What is the highest common divisor of m and 14?
14
Suppose 3*t - 114 = -30. Let l(s) be the third derivative of s**5/30 - s**4/3 + 3*s**2. Let a be l(7). Calculate the highest common factor of a and t.
14
Let q(o) = o**2 - 5*o + 6. Let s be q(6). Let k = -3 + -1. Let h(j) = j**3 + 5*j**2 + 2*j. Let p be h(k). Calculate the greatest common factor of p and s.
4
Let q be (-3 - (0 - 3)) + 6. Calculate the highest common divisor of q and 24.
6
Suppose 0 = 5*a - 5. Let w be (14 - 11) + 0 + a. What is the highest common factor of w and 32?
4
Let k(g) = -g**2 - 12*g + 28. Let x be k(-13). What is the greatest common factor of x and 5?
5
Suppose 2*y - 12 = -0*y. Let f be (-2)/(-4) - (-27)/y. Calculate the highest common factor of f and 55.
5
Let x be (4/(-4))/(2/46). Let l be 6/(-21) + x/(-7). What is the greatest common factor of 1 and l?
1
Let d be ((-8)/(-3))/(12/18). What is the greatest common factor of d and 6?
2
Let l(g) = g**2 + 6*g - 6. Let u be l(7). Calculate the greatest common factor of u and 34.
17
Let w(z) = -z**2 + 6*z - 4. Let r be w(4). Suppose 43 = 5*p - 4*j, -r*p + 2*j + 20 = -12. Let v = p - 4. Calculate the highest common divisor of v and 15.
3
Let z(r) be the second derivative of r**4/6 + r**3/6 + 5*r**2/2 + 5*r. Let n be z(5). Calculate the highest common divisor of 12 and n.
12
Suppose -m = -18 - 12. What is the greatest common factor of 45 and m?
15
Suppose -2*j - 2 = 2*m, -4*m + 4*j - j + 17 = 0. Suppose 18 = 2*s - 2*b, -m*s - b = s - 39. Calculate the highest common factor of s and 12.
12
Let p = 111 + -78. What is the greatest common divisor of 11 and p?
11
Suppose 0 = 4*v + 5*u - 332, 3*v = -2*u - u + 246. What is the greatest common divisor of 26 and v?
26
Suppose 3*m = -0*m - t + 139, 0 = 4*m - 5*t - 160. Let u be (-4)/(-18) - (-210)/27. Let j = u + -3. Calculate the highest common factor of m and j.
5
Let n(v) = 2*v + 1. Let w be n(2). Suppose -4*t = -m - 34, 7*t - 3*t + w*m = 46. Let b be 12/((-1)/((-12)/t)). What is the greatest common divisor of 16 and b?
16
Let t = -42 - -283. Let m be -96 + (-1 - (-1)/(-1)). Let k = m + t. Calculate the greatest common factor of 13 and k.
13
Let p(k) = -3*k**2 - 5 + k**2 + 3*k**2 + 0. Suppose 4*v + o + 15 = 0, -2*v + 2*o = o + 15. Let i be p(v). Calculate the greatest common factor of 20 and i.
20
Suppose -3*u = -92 + 38. Calculate the highest common divisor of u and 126.
18
Suppose -71 = -3*j + 4*h, -10*j = -5*j - h - 90. Calculate the highest common factor of 51 and j.
17
Let g = 14 + -11. Suppose -g*l - p = -3*p - 83, 113 = 4*l - 5*p. What is the highest common divisor of 243 and l?
27
Let v(i) be the second derivative of -i**3/6 + 5*i**2 + i. Let x be v(7). Let b be -1*(-11 - (-3)/x). Calculate the highest common divisor of 70 and b.
10
Suppose -4*j + 37 = -43. Let a(y) = -y**3 + 5*y**2 + 5*y - 6. Let h be a(4). Calculate the highest common factor of h and j.
10
Let w = -14 - -24. What is the highest common factor of w and 70?
10
Let g be (-57)/(-6) - (-2)/(-4). Suppose -5*u - g = -6*u + 5*q, -5*u = 2*q + 63. Let s be (-6)/33 + (-266)/u. What is the greatest common divisor of 144 and s?
24
Suppose 82 = a + 2*t, 235 = 3*a - 0*a - 5*t. Suppose -230 + a = -3*g. What is the greatest common divisor of 10 and g?
10
Let m be (-6)/(-12) - (-14)/4. Suppose b + 36 = m*b. What is the highest common divisor of b and 3?
3
Let k(i) = 13*i + 3. Let j be k(-6). Let s be 2/3*(-423)/6. Let c = s - j. Calculate the highest common divisor of 7 and c.
7
Suppose -3*t + 31 + 14 = 0. Suppose -5*a + 4*n - 7 - 4 = 0, t = -a + 4*n. Calculate the greatest common divisor of a and 4.
1
Let h(a) = a**3 - 9*a**2 + 8*a + 9. Let n be h(8). Let y = 9 + n. Calculate the greatest common factor of 6 and y.
6
Let k be (-30)/(-24)*((-1)/(-1) + 175). What is the highest common factor of 44 and k?
44
Suppose -5 = -m + 4. Let r be 9 - (20/6 + 2/(-6)). What is the greatest common factor of r and m?
3
Suppose -12 = -3*v + 2*v + 2*p, 3*p - 81 = -4*v. Let t = -55 - -91. Calculate the highest common factor of t and v.
18
Let s be 1/(-2) + (-217)/(-2). Calculate the highest common divisor of s and 12.
12
Suppose -z + 0*s = s - 96, -3*z + 2*s = -288. Let m = 6 + 6. Calculate the highest common factor of m and z.
12
Suppose -3*o = -15, -2*m - 540 = -7*m - 3*o. Suppose 57 = 3*z - 3*g, -3*g + 28 = -2*z + 70. What is the highest common factor of z and m?
15
Let d be 6/18*(1 - 1). Let f be d - (0 - -2) - -4. Calculate the highest common divisor of f and 10.
2
Let d be 1/(-1*1/(-7)). Let k be (-16 + 0)/(2/(-3)). Suppose -k*y + 20*y = -308. Calculate the greatest common divisor of y and d.
7
Let y = -54 + 149. What is the greatest common divisor of y and 19?
19
Let b(d) = -2*d**2 - 2*d. Let x be b(-2). Let t be (4/8)/((-1)/x). Calculate the greatest common divisor of 1 and t.
1
Let p be 4*(-1 + -1 + 18). What is the greatest common divisor of 16 and p?
16
Suppose x + w = 23, 4*x - 5*w - 75 + 10 = 0. Let g(i) = -i + 19. Let a be g(9). Calculate the greatest common divisor of x and a.
10
Let c(g) = -g**3 + 8*g**2 + g + 2. Let k be c(8). Let s be 2/(-8) + (-65)/(-4). Let j = s + 4. Calculate the greatest common factor of k and j.
10
Let b be (-5)/(-2)*4/5. Let z = b + 1. Let n be 1/z*3 + 131. What is the greatest common factor of 12 and n?
12
Let h be (-4)/(-22) + (-150)/(-22). Let l be 834/21 - (-2)/h. What is the highest common factor of 5 and l?
5
Let b be (-7 - -2) + 40 - 5. What is the highest common divisor of 50 and b?
10
Let y be 3/(9/228) + 0. Suppose 0 = 3*g - 2*g - 1. Let c = y + g. What is the highest common divisor of 7 and c?
7
Let v be (-6)/(-18)*(-90)/(-4 + 2). What is the greatest common factor of v and 60?
15
Let b(c) = -c**3 - 6*c**2 - 2*c - 7. Let t be b(-6). Suppose -3*g = -2*l + 34, t*l - 80 = 3*g + 14. What is the highest common factor of l and 5?
5
Suppose 7 = -v + 2*v. Suppose -5*u + 0*u - 5*o + 5 = 0, -3*o = -2*u - 18. Let s = v + u. What is the highest common divisor of s and 32?
4
Let x = -26 + 158. Let u(a) = a + 26. Let v be u(-14). Calculate the highest common factor of x and v.
12
Let q be 5*(-52)/40*-2. Calculate the greatest common divisor of 65 and q.
13
Let b be -5*(3 + (-48)/10). Calculate the greatest common divisor of 63 and b.
9
Let l be ((-117)/(-6))/3*2. Let c = l + -6. Calculate the greatest common divisor of 28 and c.
7
Let o be (7/4)/(2/8). Suppose 2 = a, o*i - 4*i = 3*a + 12. Suppose 2*r - 84 = -0*r. What is the greatest common divisor of r and i?
6
Let i(u) = -u**2 + 8*u - 1. Let x(q) = q**3 + 6*q**2 + 4*q + 2. Let m be x(-5). Let n be i(m). Calculate the highest common divisor of n and 18.
6
Let c be 62/4 + 5/10. Calculate the greatest common divisor of 144 and c.
16
Suppose 9 + 23 = 2*p. What is the greatest common divisor of 112 and p?
16
Let b(j) = -j**3 + 9*j**2 + 2*j - 1. Let u be b(9). What is the highest common divisor of u and 34?
17
Suppose 5*j = -3*n - 16 + 306, n + 5*j - 90 = 0. What is the highest common factor of 20 and n?
20
Let b be (-694)/(-11) + (-32)/352. Calculate the greatest common divisor of b and 9.
9
Let x be ((-8)/(-20))/(1/10). Suppose -4*l + 18 = 6. Suppose 0 = l*d - 4*u - 30, -1 = d + x*u + 5. What is the greatest common factor of 12 and d?
6
Let l be (23/3)/(7/21). Calculate the greatest common divisor of l and 69.
23
Suppose 3*x - 8 = 4. Suppose -4*p - 2*l + x + 22 = 0, 55 = 5*p - 2*l. Calculate the greatest common divisor of p and 1.
1
Let p = 69 - 48. Let k be 14/(-1 + 10/6). Calculate the greatest common divisor of p and k.
21
Suppose 12*w - 876 = -156. Calculate the greatest common divisor of 12 and w.
12
Suppose -3*b = 2*o - 31, -2*o + 95 = 3*o + 4*b. What is the highest common divisor of o and 23?
23
Let z = 20 - 11. Let w(f) = -f**2 + 4*f + 30. Let u be w(7). Calculate the greatest common factor of z and u.
9
Let j